{"id":575,"date":"2024-11-17T15:43:07","date_gmt":"2024-11-17T08:43:07","guid":{"rendered":"https:\/\/vietsolar.com.vn\/site\/?post_type=product&#038;p=575"},"modified":"2025-01-01T15:49:53","modified_gmt":"2025-01-01T08:49:53","slug":"tu-dieu-khien-bom-hoi-duong-ong-1-pha-220v","status":"publish","type":"product","link":"https:\/\/vietsolar.com.vn\/site\/tu-dieu-khien-bom-hoi-duong-ong-1-pha-220v\/","title":{"rendered":"T\u1ee7 \u0111i\u1ec1u khi\u1ec3n b\u01a1m h\u1ed3i \u0111\u01b0\u1eddng \u1ed1ng 1 pha 220V"},"content":{"rendered":"<p>T\u1ee7 \u0111i\u1ec1u khi\u1ec3n b\u01a1m h\u1ed3i \u0111\u01b0\u1eddng \u1ed1ng 1 pha 220V c\u00f3 c\u00e1c t\u00ednh n\u0103ng sau:<\/p>\n<ul>\n<li>Ngu\u1ed3n \u0111i\u1ec7n 220V<\/li>\n<li>\u0110i\u1ec1u khi\u1ec3n b\u01a1m h\u1ed3i \u0111\u01b0\u1eddng \u1ed1ng ch\u1ea1y t\u1ef1 \u0111\u1ed9ng theo nhi\u1ec7t \u0111\u1ed9 (c\u00f3 th\u1ec3 \u0111\u1eb7t theo y\u00eau c\u1ea7u)<br \/>\nNhi\u1ec7t \u0111\u1ed9 ch\u1ea1y: d\u01b0\u1edbi 40 \u0111\u1ed9 (m\u1eb7c \u0111\u1ecbnh)<br \/>\nNhi\u1ec7t \u0111\u1ed9 ng\u1eaft: tr\u00ean 45 \u0111\u1ed9 (m\u1eb7c \u0111\u1ecbnh)<\/li>\n<li>\u0110\u00e8n hi\u1ec3n th\u1ecb tr\u1ea1ng th\u00e1i<\/li>\n<li>M\u00e0n h\u00ecnh ki\u1ec3m tra b\u01a1m ho\u1ea1t \u0111\u1ed9ng<\/li>\n<li>B\u1ea3o v\u1ec7 qu\u00e1 t\u1ea3i, b\u1ea3o v\u1ec7 r\u00f2 r\u1ec9 \u0111i\u1ec7n<\/li>\n<li>H\u1ed9p nh\u1ef1a trong nh\u00e0 ho\u1eb7c\u00a0ngo\u00e0i tr\u1eddi<\/li>\n<li>Ch\u1ebf \u0111\u1ed9 ho\u1ea1t \u0111\u1ed9ng theo t\u1eebng kho\u1ea3ng th\u1eddi gian trong ng\u00e0y\u00a0(c\u00f3 th\u1ec3 \u0111\u1eb7t theo y\u00eau c\u1ea7u)<\/li>\n<li>Gi\u00e1m s\u00e1t ho\u1ea1t \u0111\u1ed9ng qua app tr\u00ean \u0111i\u1ec7n tho\u1ea1i (c\u00f3 th\u1ec3 \u0111\u1eb7t theo y\u00eau c\u1ea7u)<\/li>\n<\/ul>\n<h3>T\u1ee6 \u0110I\u1ec0U KHI\u1ec2N B\u01a0M H\u1ed2I \u0110\u01af\u1edcNG \u1ed0NG 1 PHA 220V\u00a0G\u1ed2M C\u00d3:<\/h3>\n<ul>\n<li>T\u1ee7 ch\u00ednh<\/li>\n<li>\u0110\u1ea7u d\u00f2 nhi\u1ec7t \u0111\u1ed9<\/li>\n<li>V\u1ecf \u0111\u1ea7u d\u00f2 nhi\u1ec7t \u0111\u1ed9 \u2013 b\u1ea3o v\u1ec7 \u0111\u1ea7u d\u00f2 nhi\u1ec7t \u0111\u1ed9 kh\u00f4ng ti\u1ebfp x\u00fac tr\u1ef1c ti\u1ebfp v\u1edbi n\u01b0\u1edbc<\/li>\n<\/ul>\n","protected":false},"excerpt":{"rendered":"<p>T\u1ee7 \u0111i\u1ec1u khi\u1ec3n b\u01a1m h\u1ed3i \u0111\u01b0\u1eddng \u1ed1ng 1 pha 220V d\u00f9ng \u0111\u1ec3 duy tr\u00ec n\u01b0\u1edbc n\u00f3ng trong \u0111\u01b0\u1eddng \u1ed1ng, kh\u1eafc ph\u1ee5c v\u1ea5n \u0111\u1ec1 m\u1edf v\u00f2i 1 l\u00fac l\u00e2u m\u1edbi c\u00f3 n\u01b0\u1edbc n\u00f3ng ra.<\/p>\n","protected":false},"featured_media":576,"template":"","meta":[],"product_brand":[],"product_cat":[130],"product_tag":[179],"class_list":{"0":"post-575","1":"product","2":"type-product","3":"status-publish","4":"has-post-thumbnail","6":"product_cat-phu-kien","7":"product_tag-tu-dieu-khien","9":"first","10":"instock","11":"sale","12":"shipping-taxable","13":"purchasable","14":"product-type-simple"},"_links":{"self":[{"href":"https:\/\/vietsolar.com.vn\/site\/wp-json\/wp\/v2\/product\/575","targetHints":{"allow":["GET"]}}],"collection":[{"href":"https:\/\/vietsolar.com.vn\/site\/wp-json\/wp\/v2\/product"}],"about":[{"href":"https:\/\/vietsolar.com.vn\/site\/wp-json\/wp\/v2\/types\/product"}],"wp:featuredmedia":[{"embeddable":true,"href":"https:\/\/vietsolar.com.vn\/site\/wp-json\/wp\/v2\/media\/576"}],"wp:attachment":[{"href":"https:\/\/vietsolar.com.vn\/site\/wp-json\/wp\/v2\/media?parent=575"}],"wp:term":[{"taxonomy":"product_brand","embeddable":true,"href":"https:\/\/vietsolar.com.vn\/site\/wp-json\/wp\/v2\/product_brand?post=575"},{"taxonomy":"product_cat","embeddable":true,"href":"https:\/\/vietsolar.com.vn\/site\/wp-json\/wp\/v2\/product_cat?post=575"},{"taxonomy":"product_tag","embeddable":true,"href":"https:\/\/vietsolar.com.vn\/site\/wp-json\/wp\/v2\/product_tag?post=575"}],"curies":[{"name":"wp","href":"https:\/\/api.w.org\/{rel}","templated":true}]}}